
False
Is 35364368093 a prime number?
False
Is 386267239 a composite number?
True
Is 6228153193 a composite number?
False
Is 3022880519 a composite number?
False
Is 23617983413 prime?
True
Is 196354285999 composite?
True
Is 15171856769 composite?
False
Is 116748659 prime?
False
Is 272207861 a prime number?
True
Is 894802729 prime?
False
Is 3022578807 prime?
False
Is 284778877 composite?
True
Is 2260924685 a prime number?
False
Is 91341990235 prime?
False
Is 616311593 a composite number?
True
Is 86438113 composite?
False
Is 745070149 a prime number?
True
Is 9667767581 composite?
False
Is 2614920397 a prime number?
True
Is 5488160681 a composite number?
False
Is 6192554491 composite?
True
Is 16585643813 prime?
False
Is 45777578051 a composite number?
True
Is 399990511 a composite number?
False
Is 4384759007 a composite number?
True
Is 28101377267 a composite number?
False
Is 554866409 composite?
False
Is 1624878149 composite?
True
Is 8114144327 a prime number?
True
Is 1517041621 composite?
False
Is 17993703919 a composite number?
True
Is 5796465673 composite?
True
Is 14773926385 composite?
True
Is 1285428271 a prime number?
True
Is 69080021827 a prime number?
False
Is 4611964517 prime?
True
Is 14779010815 composite?
True
Is 618689047 prime?
False
Is 392504213 prime?
True
Is 242558819 prime?
True
Is 27338611501 prime?
True
Is 568239181 a prime number?
False
Is 58340976233 composite?
True
Is 6975893321 a composite number?
False
Is 32747308359 composite?
True
Is 420793548133 a composite number?
True
Is 915581153 a prime number?
False
Is 1102312177 a prime number?
False
Is 309528997 prime?
False
Is 496457293 composite?
True
Is 319419433 composite?
False
Is 2667301703 composite?
True
Is 31181666545 composite?
True
Is 61791391 a composite number?
False
Is 81924968537 prime?
False
Is 17978173397 a prime number?
False
Is 3472805717 a prime number?
True
Is 40621833283 a composite number?
True
Is 1504121903 a composite number?
True
Is 1196241455 composite?
True
Is 19938866711 a composite number?
False
Is 3734410349 a composite number?
True
Is 20402487353 prime?
False
Is 7962773851 prime?
True
Is 2373405709 prime?
False
Is 5037433853 composite?
True
Is 146263157 a prime number?
False
Is 3478975366 composite?
True
Is 372489679 composite?
False
Is 9399203683 a prime number?
False
Is 7728277589 a composite number?
False
Is 227524393 composite?
False
Is 19182741103 a composite number?
False
Is 7680172693 a prime number?
False
Is 916656635 a prime number?
False
Is 4408512637 prime?
True
Is 2778185383 composite?
False
Is 2309510803 composite?
True
Is 4268252419 prime?
False
Is 3160115759 a composite number?
True
Is 4388599081 a composite number?
True
Is 1929617717 a composite number?
False
Is 4295668607 a composite number?
False
Is 6632355179 prime?
False
Is 8318008687 prime?
True
Is 1101106353 a composite number?
True
Is 108842511341 prime?
True
Is 6131968949 prime?
True
Is 1536036017 composite?
False
Is 1402366451 composite?
False
Is 5811907021 a composite number?
False
Is 1987073147 a composite number?
False
Is 328047631 a prime number?
True
Is 92226523 prime?
True
Is 26484701827 composite?
True
Is 673631027 composite?
False
Is 99444946589 a composite number?
True
Is 678303209 a composite number?
False
Is 3113321297 a prime number?
True
Is 2533496909 prime?
True
Is 12362380133 composite?
False
Is 18585277523 a prime number?
False
Is 1030592573 prime?
False
Is 21819366727 prime?
True
Is 2875125923 a prime number?
False
Is 9474546443 a composite number?
False
Is 40648666585 composite?
True
Is 105650113 prime?
False
Is 19516928657 prime?
True
Is 8345473597 a prime number?
True
Is 1649299259 composite?
False
Is 648131279 composite?
False
Is 54516949 a prime number?
False
Is 100836774613 prime?
False
Is 519568037 a prime number?
False
Is 16953945677 a prime number?
False
Is 3045103109 a prime number?
False
Is 2398305922 composite?
True
Is 1321384399 prime?
True
Is 8129375567 composite?
True
Is 2683721153 composite?
False
Is 21919938517 composite?
True
Is 3321728897 a prime number?
False
Is 9597172723 a composite number?
False
Is 848693143 composite?
False
Is 980802797 a composite number?
True
Is 26699348371 a prime number?
False
Is 464997881 a prime number?
True
Is 1272606571 a composite number?
False
Is 3871256173 a composite number?
False
Is 12804187839 a prime number?
False
Is 64669582279 composite?
False
Is 2762569423 prime?
True
Is 4093618623 a prime number?
False
Is 4510748419 a composite number?
False
Is 20301254671 composite?
True
Is 3678458257 prime?
True
Is 438104816749 a composite number?
False
Is 39191247037 a composite number?
False
Is 436035013 prime?
True
Is 2187615877 a prime number?
False
Is 8398472969 a composite number?
True
Is 248927011 a composite number?
False
Is 54276673231 composite?
True
Is 73290289349 a composite number?
False
Is 475588177 prime?
False
Is 5708173067 prime?
True
Is 2156801771 a prime number?
True
Is 309610969 a prime number?
True
Is 6052461853 composite?
True
Is 4293625997 prime?
False
Is 60584061127 a composite number?
False
Is 6835503637 a composite number?
True
Is 1691984209 a prime number?
True
Is 2838279263 prime?
True
Is 3057750671 prime?
True
Is 3012283657 composite?
False
Is 210878737 prime?
True
Is 74604348493 prime?
False
Is 1648354457 a composite number?
False
Is 13914367933 a prime number?
False
Is 1137982889 a prime number?
True
Is 47046773729 a prime number?
True
Is 839132911 a composite number?
False
Is 114230860283 a prime number?
True
Is 150688697 composite?
True
Is 558405803 a prime number?
False
Is 1390921921 composite?
False
Is 190141993 prime?
True
Is 9829098249 a prime number?
False
Is 1248941621 a prime number?
True
Is 16641965869 a prime number?
True
Is 3084055013 composite?
True
Is 14720975713 prime?
True
Is 72874568567 a composite number?
True
Is 22208649899 a composite number?
False
Is 657560401 composite?
False
Is 587837 prime?
False
Is 33060389 composite?
True
Is 1479794867 composite?
False
Is 71654153 prime?
True
Is 27009586 composite?
True
Is 3775607555 prime?
False
Is 139590679 a prime number?
True
Is 1779565405 a prime number?
False
Is 35390790489 a prime number?
False
Is 1689470071 a composite number?
False
Is 99931259959 composite?
True
Is 604421297 prime?
True
Is 2596340167 a composite number?
False
Is 254810692309 a prime number?
True
Is 1658190367 a composite number?
False
Is 1007883535 a composite number?
True
Is 13858234213 composite?
False
Is 1551146761 prime?
True
Is 4388740763 a composite number?
True
Is 292979417767 a composite number?
True
Is 47856807109 prime?
True
Is 14039291 a prime number?
False
Is 50109462631 composite?
True
Is 24180181397 a composite number?
True
Is 26125471369 composite?
False
Is 1130308637 prime?
False
Is 41824166639 composite?
False
Is 29142476717 a prime number?
True
Is 8105426389 prime?
False
Is 67470693977 a composite number?
False
Is 446945209 prime?
False
Is 4493644889 composite?
False
Is 4609259909 composite?
False
Is 18350172971 prime?
False
Is 1520270419 a composite number?
True
Is 1216660351 a prime number?
True
Is 2133152909 prime?
True
Is 5289448259 a composite number?
False
Is 30491267 a composite number?
True
Is 2070965579 a prime number?
False
Is 512555201 prime?
True
Is 126015863 a prime number?
True
Is 1559324717 a composite number?
False
Is 7604694743 composite?
False
Is 3511169839 composite?
False
Is 2627943883 a composite number?
False
Is 147028822379 a prime number?
False
Is 5507591773 prime?
False
Is 5810326609 composite?
True
Is 2996736413 composite?
True
Is 2785568959 composite?
True
Is 5879148593 a composite number?
False
Is 3587382479 a composite number?
False
Is 146211729 a composite number?
True
Is 54041494141 prime?
False
Is 16548258927 a composite number?
True
Is 2957221255 prime?
False
Is 413288413 a composite number?
False
Is 87594526627 composite?
False
Is 2521365647 prime?
False
Is 13015890106 composite?
True
Is 14792554727 a prime number?
True
Is 499780789 composite?
False
Is 14125413383 prime?
True
Is 1301456003 a composite number?
True
Is 2517242471 composite?
True
Is 43194587 composite?
False
Is 23317919561 prime?
False
Is 2735664661 a prime number?
True
Is 6410347589 composite?
False
Is 78705611 composite?
True